
Suppose 0 = -0*q + 3*q + 21. Let v = 9 + q. Suppose -d - 5 = 0, -v*k + 14 = -0*k + 4*d. What is the tens digit of k?
1
Suppose 8*b - 5*b - 966 = 0. What is the units digit of b?
2
Suppose -5*l + t + 1739 = 0, -2*l - t = 2*t - 682. What is the units digit of l?
7
Suppose j + 4 = z, 16 = 3*z - 4*j - 0*j. Let o be (-9)/(z + -3)*1. Suppose 3*s - s - 21 = -3*a, -5*s - o*a + 48 = 0. What is the units digit of s?
9
Let m = -757 - -2785. What is the thousands digit of m?
2
Suppose 2 + 23 = 5*v. Suppose -v*x - 2*o + 5 - 13 = 0, -4*x - 20 = 5*o. Suppose 44 = 4*j + 4*t, -4 = 2*t - x. What is the units digit of j?
3
Let i(l) = 5*l**2 - 3*l + 3 + 0*l + 2*l**3 + 4*l - 3*l**3. What is the units digit of i(5)?
8
Let x(m) = 87*m - 378. What is the units digit of x(17)?
1
Let l be (-2)/(-5) + (-108)/20. Let p = 3 + l. Let g(f) = 7*f**2 - 2. What is the tens digit of g(p)?
2
Suppose -5*y + 2 = -8. Let i(u) = y*u**2 + 20 - 3*u**2 + 2*u + 6 + 0*u. What is the units digit of i(0)?
6
Suppose 3 - 9 = -v. Suppose 2*o = 5*u + 232, -3*u = 5*o - v*u - 542. What is the units digit of o?
6
Let w = 9 + 5. Let j(a) = a + 19. Let q be j(w). Let f = -19 + q. What is the tens digit of f?
1
Let y be (0/(12/4))/2. Suppose o + y = 17. What is the units digit of o?
7
Let j = 1554 - 735. What is the tens digit of j?
1
Let q(a) = -a**2 + 22*a - 77. What is the tens digit of q(15)?
2
Suppose r = -3*o + 12, -3*r - r + 3*o + 48 = 0. Let a(w) = -w**2 - 2*w + 4. Let j be a(-3). What is the tens digit of (-2 - -2) + r + j?
1
Let k = 290 + -186. Suppose w - 4*c - 102 = 0, -w + 5*c = -0*w - k. What is the tens digit of w?
9
Suppose -k - 7 + 9 = 0. Suppose -g = -k*x - 76, 2*g = 3*x - x + 142. What is the units digit of g?
6
Let w(a) = a**3 - 5*a**2 + 8*a - 10. Let q be w(4). What is the units digit of 416/q + (-30)/(-45)?
0
What is the tens digit of -36*6/(-24) + 2339?
4
Let h(g) = -g**2 + 3*g + 18. Let w be h(8). What is the tens digit of (4/w - 592/11)*-1?
5
Suppose 5*i - 1471 = 2*i + t, -5*i = 2*t - 2470. What is the tens digit of i?
9
Let v(s) = 6*s**2 + s + 14. Let r = 83 + -77. What is the units digit of v(r)?
6
Suppose 3*k = -k + 5724. What is the units digit of k?
1
Let s(m) = m**2 - m + 27. Suppose 5*g = -25, -2*g - 29 = x + g. Let h = x + 14. What is the units digit of s(h)?
7
Suppose i - 4*i - 33 = 0. Let a = -7 - i. Let y = a - -27. What is the units digit of y?
1
Let z = 0 - -81. Suppose z = 4*x - 31. What is the tens digit of x?
2
Let s = -1233 + 1702. What is the hundreds digit of s?
4
Suppose -4*c + 23 = -13. Let u = -12 + 21. What is the units digit of (-40)/(-2) - u/c?
9
What is the hundreds digit of (-12)/(-20) + 0 + 2924/10?
2
Let z(p) = -p - 12. Let i be z(-7). What is the units digit of (4 + 14*3/i)*-20?
8
Let p(o) = -o - 3. Let k be p(-7). Suppose k = 3*b - 2. Suppose 78 = i + i + 4*s, 54 = 2*i - b*s. What is the units digit of i?
1
Suppose -n = 5*s + n - 285, -3*s = -5*n - 140. Let r = 99 - s. What is the tens digit of 935/r - (-2)/(-8)?
2
Let r(d) = d**2 + 5*d + 9. Let g be (-112)/20 - 4/10. Let f be r(g). What is the units digit of f - (1 - (1 - -2))?
7
Let v = 808 + -101. Suppose 0*b - v = -5*b - 3*n, b = 5*n + 147. What is the hundreds digit of b?
1
Let m(y) = -y + 14. Let u be m(11). Suppose 6*o + u = 7*o. What is the units digit of 0 - ((o - 7) + 1)?
3
Let l = -459 - -1166. What is the hundreds digit of l?
7
Suppose -1 = g - 7. Suppose 10 = 3*c - 2*x, 8 = 3*c - 3*x - 1. Suppose c*p - 52 = -2*f, -f = -p + g*p - 32. What is the tens digit of f?
2
Let p = 16 + -12. What is the units digit of ((-2)/(-4))/(2/p)?
1
Let w = 3104 - 762. What is the hundreds digit of w?
3
Let s = 1 - -2. Suppose -9*l = -0*l - 828. Suppose w = -s*w + l. What is the units digit of w?
3
Let a = 21 + -18. Suppose -10 - 41 = a*j. Let r = 36 + j. What is the tens digit of r?
1
What is the units digit of 1/3*(-4 - (-5896 - 15))?
9
Let a(b) be the third derivative of b**4/24 + 7*b**3/3 - 2*b**2. Let q be a(-10). Suppose -q*z + 108 - 36 = 0. What is the units digit of z?
8
Suppose 0 = -5*n + q + 57 + 96, 3*q + 149 = 5*n. Suppose -4*k - 2*v + 0*v + 44 = 0, -3*k = 2*v - n. Let p = 12 + k. What is the units digit of p?
5
Suppose -3*p + 6 = -5*j, 0 = p - 0*j - j. Suppose -4*h = 2*g - 54, -g - g + 42 = 3*h. What is the units digit of 2*p/(h/(-10))?
5
Let l(b) = -b**3 + 3*b**2 + 3*b + 1. Let c(o) = -o**3 + 2*o**2 + 2*o. Let v(j) = -4*c(j) + 5*l(j). Let p be v(8). What is the tens digit of (p + 2)/((-1)/29)?
2
Suppose 0 = -2*v + 3*z + 1924 - 321, 5*z = 15. What is the tens digit of v?
0
Let s be (5/10)/(3 + (-274)/92). Let u(f) = f + 16. Let v be u(0). Let q = s - v. What is the units digit of q?
7
Let w(g) = 58*g**2 + 4*g - 4. What is the units digit of w(4)?
0
Suppose -10*v + 2*j - 2 = -14*v, -3 = 3*v - 3*j. Suppose 2 - 17 = -5*p. Suppose -p*k = -v*k - 132. What is the tens digit of k?
4
Let f(k) = -k + 11. Let l be f(9). Suppose 0 = 2*w + 5*j - 3, l*j - 12 = -w + 3*j. What is the units digit of w?
9
What is the hundreds digit of (-5032)/(-9) - 2 - 56/504?
5
Let p(i) = 3*i**2 + 5*i - 7. Let u(j) = -j**3 + 9*j**2 - 5*j - 19. Let w be u(8). What is the units digit of p(w)?
3
What is the tens digit of (-24075)/(-50)*8/18?
1
Suppose 0*n - 103314 = -67*n. What is the units digit of n?
2
Let m(j) = 48*j**2 - j + 5. What is the thousands digit of m(-5)?
1
Suppose 3*x - 3 = 0, 6*x = -d + 3*x - 9. What is the units digit of ((-74)/8)/(3/d + 0)?
7
Suppose 8*l - 4476 = -1180. What is the hundreds digit of 1 - (3 - l/4)?
1
Let n = -1 - -4. Let u(w) = 9*w**n - 19*w**3 + 10 + 7*w**2 + 9*w**3. What is the units digit of u(7)?
0
Suppose 3*z - 102 = -33. Suppose 5*l = -3 + z. Suppose -2 = q - 5*j - 16, j = l*q - 151. What is the units digit of q?
9
What is the units digit of (7252/294)/(2/177)?
3
Let z(v) = -2*v**2 - 7*v - 2. Let r be (((-12)/1)/(-2))/(-1). Let y be z(r). What is the tens digit of (5 - 6)*(-1 + y)?
3
Suppose 0 = 16*w - 23*w + 11998. What is the units digit of w?
4
Let u = -226 - -55. What is the units digit of 19/u - (-146)/18?
8
Let w = -12 - -16. Let d be (1 - 0) + (11 - w). Let n = d + 13. What is the tens digit of n?
2
Suppose -2*v - v = 12, 4*i + 5*v - 32 = 0. Suppose -10*h + i*h = 129. What is the tens digit of h?
4
Let q be 5 - (-115)/(-25) - 8/(-5). Suppose q*l + 150 = 7*l. What is the tens digit of l?
3
Suppose 6*i - 2*k - 132 = 3*i, 3*i - 5*k = 132. What is the units digit of i?
4
Let o(d) = -22*d + 26. Let l(f) = -f - 1. Let w(v) = -5*l(v) - o(v). What is the tens digit of w(6)?
4
Let n be 10/(-30) - (-4118)/6. Let i = -444 + n. What is the tens digit of i?
4
Suppose w = 2*m + 189, 2*m = 4*w - 131 - 637. Suppose 3*s = -49 + w. What is the units digit of s?
8
Suppose 0 = 5*l - 2*s - 16, 4*s - 4 = 4. Suppose 2*x = l*x - 184. What is the tens digit of x?
9
Suppose 26*t = 20*t + 1650. What is the hundreds digit of t?
2
Let p(d) = -6*d**3 - 1. What is the tens digit of p(-5)?
4
Let z be 62/2 + -1 + 3. What is the units digit of (1 - z/27) + (-29)/(-9)?
3
Suppose -184 = -2*x - 14. What is the units digit of x?
5
Let j = 1061 - 460. What is the tens digit of j?
0
Suppose 5*m - 4*w - 25317 = 0, -7*w + 10124 = 2*m - 10*w. What is the hundreds digit of m?
0
Suppose 12*z - 4101 = 2079. Suppose z = 5*m - 2*p + 6*p, -4*p = -2*m + 178. What is the units digit of m?
9
Let l(d) = -d**2 + 6. Let i be l(3). Let t be 2 + -3 + (-9)/i. What is the tens digit of (-198)/(-7) + t/(-7)?
2
Suppose -4*s = -171 - 861. Suppose -4*r - s = -754. What is the units digit of (r/16)/(1/4)?
1
Let x(z) = 37*z**2 - 10*z + 1. What is the tens digit of x(-5)?
7
Let g = -9 + 4. Let l(x) = -5 - 3*x**2 + 4*x + 4*x**2 + 11. What is the units digit of l(g)?
1
Suppose -5*g + 2*m - 50 = 0, -4*g + 0*m = 3*m + 17. What is the units digit of (g/(-12))/(3/9)?
2
Let v = 1373 + -824. What is the tens digit of v?
4
What is the units digit of (-6)/(-8) - (-106988)/112?
6
Suppose -4*f - 3*i = -3971, -5*f + 5*i - 402 = -5392. What is the hundreds digit of f?
9
Let f = 20 - 30. Let z = 80 - 88. What is the tens digit of z/((f/(-4))/(-5))?
1
Let w be 3/(-4)*(-24)/9. Suppose -5*g - 4*d = -229, -w*g = g + 2*d - 137. What is the tens digit of g?
4
Suppose -3*f = -1164 - 327. What is the tens digit of f?
9
Suppose b = 5, 0 = 3*r - 0*b + 3*b - 33. 